n + 62. What is the units digit of i(6)?
4
Suppose 3*a + 21 = -6. What is the units digit of 56*(-3)/a*3?
6
Let w be 0/((-3 - -5)/(-2)). Suppose 4*d + d + 159 = 4*x, w = 4*d - 20. What is the units digit of x?
6
Suppose 5*d + u - 2448 = 292, -2192 = -4*d + u. What is the units digit of d?
8
Suppose 5 = m, 1436 = 2*y + 5*m - 7*m. What is the tens digit of y?
2
Let j(k) = k**3 - 12*k**2 + 12*k - 1. Suppose -4*t + 33 = -t. What is the tens digit of j(t)?
1
Let s = -154 - -154. Suppose s = -2*q + 5*r + 173, -q = 4*q + 4*r - 515. What is the tens digit of q?
9
Let p(q) = -q**3 - 15*q**2 - 19. Suppose 0 = 3*s - 10 + 55. Let k be p(s). What is the units digit of (k - -5)*(-1)/2?
7
Suppose 28*g - 6990 = 6982. What is the hundreds digit of g?
4
Let o = 4 + 2. Suppose 3*s + 2*x = o*x + 47, -4*s + 96 = 3*x. Let c = s - 1. What is the tens digit of c?
2
Let d = -8 + -40. Let m = 106 + d. Let j = m - 32. What is the units digit of j?
6
Let c = 1581 - 1052. What is the tens digit of c?
2
Suppose -73*u = -60*u - 30433. What is the hundreds digit of u?
3
Suppose -2915 = -4*l + 5*h, -l - 4*h = -5*l + 2920. What is the hundreds digit of l?
7
Suppose 3*a - a - 230 = 0. Let x = a - -124. What is the units digit of x?
9
Let x(i) = -i**3 + 13*i**2 + 12*i + 14. Let t be x(14). Let u = t + 27. What is the units digit of u?
3
Let j be ((-24)/(-4))/3*-100. Let t = -136 - j. What is the tens digit of t?
6
Suppose 14753 = 50*x + 3453. What is the tens digit of x?
2
Let x(k) = 60*k - 21. What is the tens digit of x(6)?
3
Let q(o) = 34*o - 43. Let k(y) = 34*y - 44. Let w(p) = 3*k(p) - 2*q(p). What is the units digit of w(8)?
6
Let l = 7888 - 5498. What is the hundreds digit of l?
3
Suppose -59 - 8 = -u. Suppose q - 2*q = -u. Suppose -2*w - 101 = -5*y - 0*w, 2*w - q = -3*y. What is the units digit of y?
1
Let y(i) = -6*i**2 + 8*i - 15. Let b(u) = 5*u**2 - 7*u + 15. Let t(s) = -7*b(s) - 6*y(s). What is the units digit of t(10)?
5
Suppose -225 = 5*z + 4*s - 1495, 5*z + s - 1255 = 0. What is the tens digit of z?
5
Let k be 40/30*9/2. Let v = 25 - k. What is the units digit of v?
9
Let k(j) = -j**3 + j**2 - j - 1. Let x(m) = 4*m**3 - m**2 + 5. Let o(n) = -5*k(n) - x(n). What is the units digit of o(4)?
0
What is the units digit of (-142)/(((-11)/4)/11)?
8
Let w be 62/8 + 5/20. Suppose 3*a - 7 = 4*a - 4*d, -d = a - w. Suppose -a*n - 4*x = -256, 0 = 2*n + x - 5*x - 108. What is the units digit of n?
2
Let f(q) = -q. Let b be (-8 + -4)*4/(-6). Let a be f(b). What is the units digit of 1 + 3/((-3)/a)?
9
Let s = -7 - -11. Suppose s*j + c - 129 = 542, 0 = 3*j - c - 498. What is the units digit of (-10)/55 + j/11?
5
Let v = 5365 + -2791. What is the tens digit of v?
7
Suppose 139 = u + 2. What is the hundreds digit of u?
1
Let j = 1006 - 566. What is the tens digit of j?
4
Suppose 0 = -13*y + 1917 - 162. What is the units digit of y?
5
Let y(q) = -q**3 - 12*q**2 - 9*q - 13. Let x be y(-11). Let i = 11 - x. What is the tens digit of i?
4
Let j = 84 - 8. Let p = 408 + -435. Let c = p + j. What is the tens digit of c?
4
Let d(g) = 5*g - 7. Let f be d(5). Let o be -291*3/2*(-12)/18. What is the tens digit of o/f + (-2)/12?
1
Suppose 10*r - 1449 = 5351. What is the hundreds digit of r?
6
Suppose 11*n - 20790 = -16*n. What is the units digit of n?
0
Suppose -3*p = 2*p + 5. Let o(s) = -49*s + 5. Let t(w) = 220*w - 22. Let v(j) = -22*o(j) - 5*t(j). What is the units digit of v(p)?
2
Suppose -f = 3*w + 4*f - 31, w - f = -3. Let o = -28 + 44. Suppose 2*m - o = -w*m. What is the units digit of m?
4
Let h(d) = 2*d**2 - 18*d - 4. Let s be h(10). Let m = 5 + s. What is the units digit of m?
1
Let x = 4 - 6. Let s be (8 - (-1 - x)) + -1. Suppose -l + 28 = -5*a, s = -5*a + 1. What is the units digit of l?
3
Let n be (3 - -112 - -2) + -3. Suppose 3*z + 6*k - k = n, 2*z - k - 63 = 0. What is the units digit of z?
3
What is the tens digit of 133982/62 + (-2)/(-1 + -1)?
6
Let i(y) = y**3 - 5*y**2 + 12*y + 16. What is the tens digit of i(6)?
2
What is the thousands digit of (11 - -4874 - 13)*1/2?
2
Let p(k) = -7*k**2 - 3. Let f be p(5). Let y = f - -287. What is the hundreds digit of y?
1
Let y(h) = -h**3 + 2*h + 1. Let a be y(-1). Let z(v) = -v + 175. Let w be z(a). Suppose 5*u = -0*u + w. What is the tens digit of u?
3
Suppose -3*p + 61*i + 5707 = 65*i, 4*p = -3*i + 7600. What is the tens digit of p?
9
Let i(j) = 6*j**3 + 12*j**2 - 43*j + 36. What is the hundreds digit of i(9)?
9
Let k(m) be the second derivative of m**4/12 + 5*m**3/6 - 6*m**2 + m - 2. What is the hundreds digit of k(-16)?
1
Suppose -5*o + 146 = -14. What is the units digit of o?
2
Let d(k) = k + 5. Let o be d(-3). Suppose -2*w - 21 = 3*v, -18 = o*w + 4*v + 6. What is the units digit of (-45 - w/(-3))/(-1)?
7
Suppose 0 = 26*v - 49*v + 28957. What is the thousands digit of v?
1
Suppose -4*v + 0*v - 56 = 0. Let p = -12 - v. Suppose -18 = -l - 2*i - 3, p*i - 84 = -4*l. What is the units digit of l?
3
Let d(a) = 7*a**2 + 22*a - 210. What is the tens digit of d(-19)?
9
Let g(p) = 30*p**3 + p**2. Let f be g(-1). Let d = -1 + -17. Let s = d - f. What is the units digit of s?
1
Let y be (8 + -2)/(6/4). Let o(d) = 5*d**3 - 2*d + 28. Let n(u) = -11*u**3 + 4*u - 55. Let i(s) = y*n(s) + 9*o(s). What is the tens digit of i(0)?
3
Let z be (-215)/(-45) + 2/9. Suppose 3*p + 20 = z*p. Suppose -7*t + p*t = 3. What is the units digit of t?
1
Let a(p) = -p**3 - 44*p**2 - 48*p - 195. What is the thousands digit of a(-44)?
1
Let m = 162 + 234. What is the tens digit of m?
9
Let s(m) be the first derivative of -m**3/3 + 3*m**2/2 + 175*m - 27. What is the hundreds digit of s(0)?
1
Let i = 555 - 330. What is the tens digit of i?
2
Let l(h) = -h**3 - 3*h**2 + 3*h + 2. Let k be l(-3). Let w = -10 - k. What is the units digit of -3 + (7 - 0) + w?
1
Let y = -24 - -29. Let b = y + 21. What is the units digit of b?
6
Let o = 40 - 36. Suppose -o*l + 6*l - 2*z = 50, 5*l + 4*z = 89. What is the units digit of l?
1
Let s be 2/4*0 - 4. Let w(a) = 5*a**2 + 4*a - 2. What is the units digit of w(s)?
2
Let g(b) be the third derivative of b**6/60 - b**5/30 + b**3/3 + 2*b**2. Suppose -6 - 14 = -10*h. What is the tens digit of g(h)?
1
Let p = 1593 - 918. What is the tens digit of p?
7
Suppose 56 = 2*c + 2. Let r = c - 26. Let n = 6 - r. What is the units digit of n?
5
Let x(l) = l**3 + 5*l**2 + 5*l + 6. Let g be x(-4). Suppose -5*r = -3*u - 2*r + 57, -4*r + 122 = 5*u. Suppose -g = v - u. What is the tens digit of v?
2
Suppose -22 + 2 = -5*r. Suppose -r*f + f + d = -62, 0 = -3*f + 2*d + 67. What is the tens digit of f?
1
Let m = -568 + 1370. What is the hundreds digit of m?
8
Suppose 1815 + 630 = 3*a. What is the tens digit of a?
1
Let g be 3 + (-1 - -6*1). Suppose 3 - g = o + 2*f, -2*f = -4*o + 30. Suppose -o*b + b = -32. What is the units digit of b?
8
What is the units digit of 1014/4*(8/(-6))/(-1)?
8
What is the hundreds digit of 1 - (-152 + 11) - 4*1?
1
Let k = 3206 - 2271. What is the tens digit of k?
3
Let o(u) = u - 2. Let x be o(6). Suppose 0 = 3*w - 5*w - 3*v + 13, -3*v = -3*w - 3. Suppose -112 = -x*p - 4*a, w*p - 5*a - 61 = 16. What is the tens digit of p?
3
Suppose -6*t + 3*t = -2169. What is the tens digit of t?
2
Suppose 6*j - 566 = 17128. What is the units digit of j?
9
Suppose 2*l - 5*l + 4 = 4*d, -5*l - 5*d = -10. Suppose -l*j - 10 = 3*a, -12 = -5*a + 4*j + 14. What is the units digit of a?
2
Suppose -4*m - 4*j = -840, 3*m + 11*j - 14*j - 600 = 0. What is the hundreds digit of m?
2
Suppose 4 = -3*b + 19. Suppose 4*a - b*a = -3. Suppose 23 = -a*o + 4*o. What is the units digit of o?
3
Suppose u + 3*u = -192. Let g = 72 + u. Suppose -m = -g - 5. What is the tens digit of m?
2
Let f = 5139 + -3528. What is the thousands digit of f?
1
Let q = 1100 - -906. What is the tens digit of q?
0
Let x = -2 - -108. Let c = x + 3. What is the units digit of c?
9
Let a(o) be the first derivative of -5*o**4/2 - o**3 - o**2 + o + 133. Suppose 3*x - 6*x - 8 = -2*t, 4*x = 2*t - 10. What is the tens digit of a(x)?
7
Let m be (-4)/(-18) - 136/(-36). Suppose -2*p = -4*p + 5*b + 136, 0 = 3*p - 3*b - 204. What is the tens digit of (m + (-14)/4)*p?
3
Let u(m) = 120*m**2 - 3*m. Let q be u(1). Let w = q - 111. What is the units digit of w?
6
Let m = 5 - 2. Let x be (-2)/m*-39 - -3. Supp